 u(-2)?
1597
Suppose 18 = a + z, 0 = -4*z - 0*z + 20. Suppose -10*i - 228 = -a*i. List the prime factors of i.
2, 19
Let f(n) = 8*n + 5. Let h be f(-3). Let j = h + 8. Let q(b) = b**3 + 12*b**2 + 11*b + 12. List the prime factors of q(j).
2, 3
Let o(a) = -a**3 + 9*a**2 + 20*a - 7. Let s be o(10). Suppose m - 4*m = -s. What are the prime factors of m?
31
Suppose 128 - 37 = -13*f. Let u(x) be the first derivative of -x**4/4 - 5*x**3/3 + 5*x**2 + 4*x + 1. List the prime factors of u(f).
2
Let p(l) = 3*l**2 + l - 1. Let f be p(1). Let o be ((-550)/(-33))/((-1)/f). Let b = o - -83. List the prime factors of b.
3, 11
Suppose 5*r = 5*q - 90, 2*q + 2*r = 29 + 11. What are the prime factors of ((-106)/(-10))/(q/95)?
53
Let j(b) = -2*b**2 + 2*b + 3. Let r be j(-4). Suppose 0 = 2*o - 3*v - 141, 18*o - 74 = 17*o + 5*v. Let y = r + o. List the prime factors of y.
2
List the prime factors of 1/8*-2 - (-45657)/36.
2, 317
Let u(j) be the first derivative of j**4/4 + 5*j**3/3 + 3*j**2/2 - 4*j + 1. Let y be u(-4). Suppose -5*d + 10 + 95 = y. What are the prime factors of d?
3, 7
Suppose 0 = -4*r + 4*c + 32, 5*r - 39 - 5 = c. Let q = -6 + r. What are the prime factors of (q - 2)/(1/13)?
13
Let i(u) = 25*u - 5. Suppose 0 = 2*g - 3*x - 21, 11 + 9 = 5*g - x. What are the prime factors of i(g)?
2, 5, 7
Let j(b) = -6*b + 8. Let a be j(1). Suppose 230 = a*o - 256. List the prime factors of o.
3
Let w = -1 - -2. Let v(m) = 2*m**2 + 2*m - 1. Let x be v(w). Suppose q + 4*b = -0 - 11, 4*b = x*q - 31. List the prime factors of q.
5
Suppose 0 = 2*t + g - 5618, -23*g + 24*g = 2. List the prime factors of t.
2, 3, 13
Let c(y) = 9*y**2 - 2*y + 20. What are the prime factors of c(-12)?
2, 5, 67
Let d(l) = 43*l + 69. List the prime factors of d(11).
2, 271
Suppose -2552 = -4*h + 2280. List the prime factors of h.
2, 151
List the prime factors of ((-4)/(-2))/((-8)/(-7012)).
1753
Let i(h) = 12*h**2 - 2*h - 7. Suppose 10 = -0*d - 5*d. What are the prime factors of i(d)?
3, 5
Let h = -474 + 849. What are the prime factors of h?
3, 5
Suppose 0*y + 9*y = 36. Suppose 0 = w - x, -1 - 3 = y*w - 5*x. List the prime factors of w.
2
Suppose 3*r + 245 = -4*d, -2*r - r - 2*d - 247 = 0. Let a = -75 - r. List the prime factors of a.
2
Suppose -4*h + 36 = -2*p, -2*p + 20 = 3*h - 0*h. Suppose h*s - 3*s = 50. What are the prime factors of s?
2, 5
Let s(o) = -1 - 97*o - 13 + 36. List the prime factors of s(-2).
2, 3
Suppose -5*l = -3*m - 2295 - 526, -2*m - 1885 = l. Let j be (-14)/49 + m/(-14). Suppose 3*i - j = -2*p, -i + 2*i - p = 19. List the prime factors of i.
3, 7
Suppose 2 = 4*n + 2*u, -2*n - 3*u + 2 = -u. Let s(g) = g**2 - 14*g + 51. Let c be s(8). Suppose n = -4*q + 89 + c. List the prime factors of q.
23
Suppose -104455 = -51*f + 22076. What are the prime factors of f?
3, 827
Let z = -25 + 26. Let a(u) = 8*u + 2. What are the prime factors of a(z)?
2, 5
Suppose -11*x = -37*x + 2132. List the prime factors of x.
2, 41
Suppose 207*q + 10936 = 215*q. What are the prime factors of q?
1367
Let u(g) = -g**3 - 11*g**2 + 6*g - 17. Let v be u(-12). Let d be -1 - (-1 + 23) - 0. Let o = d + v. List the prime factors of o.
2
Let c(z) = z + 14. Let k be (0 - 1 - 1)*6. Let v be c(k). Suppose 3*d - 16 = v*g - 4*g, -2 = d. What are the prime factors of g?
11
Suppose 5*y = -3*t + 12018, -25*t + 12018 = -22*t - y. List the prime factors of t.
2, 2003
Suppose 0 = -9*l + 7*l + 318. Suppose 3*f - l = 3*w, -4*f - 3*w + 320 = 122. List the prime factors of f.
3, 17
Suppose 4*i = -3*d + 29, i - 1 = 2*i - 2*d. Suppose -80 = 3*y - i*y. What are the prime factors of y?
2, 5
Let a be 6/(-39) - (-7806)/39. Suppose 0 = -v + 5*v - a. Suppose 0 = -4*t + 250 - v. What are the prime factors of t?
2, 5
Let w be (1 - 14/2)*644/276. Let v(r) = -6*r + 6. Let s be v(-5). What are the prime factors of s/4*w/(-3)?
2, 3, 7
What are the prime factors of (-8)/12*(-16)/(64/174)?
29
List the prime factors of 12/((-2)/(-1))*5031/78.
3, 43
List the prime factors of ((-6)/(-9))/(3/5562).
2, 3, 103
Let y(i) = -i**3 - 4*i**2 + 2*i + 14. Let a be y(-2). Suppose 0 = d - 5 + 2. Suppose a*k - d*k = -27. List the prime factors of k.
3
What are the prime factors of (168/30 - (-2)/5) + 1980?
2, 3, 331
Let t(p) = -p**3 - 2*p**2 + p - 4. Let a be t(-3). Suppose 3*l - a*l - 321 = 0. Suppose -311 = -8*z + l. What are the prime factors of z?
79
Let h(p) be the third derivative of 0*p + 0 + 1/24*p**4 + 1/12*p**5 + 1/6*p**3 + 2*p**2. List the prime factors of h(2).
23
Suppose -34*w = -23880 - 13962. What are the prime factors of w?
3, 7, 53
Let n = -92 - -101. List the prime factors of (-598)/(-9) - 4/n.
2, 3, 11
Let u(c) be the first derivative of -c**4/12 - 7*c**3/6 + 9*c**2/2 - 2*c - 5. Let s(v) be the first derivative of u(v). What are the prime factors of s(-7)?
3
List the prime factors of -5 + (3489 - 40/(-8)).
3, 1163
Suppose -4*k + 2844 = 2*k. What are the prime factors of k?
2, 3, 79
Let s be (-3)/3 + (-4)/(-2). Let k be 18 - (s + 2)/(-3). Suppose k = 5*m - 186. List the prime factors of m.
41
Let b(d) = 6*d**3 + 4*d**2 + 7. Let c be 2*(4 - (-20)/(-8)). What are the prime factors of b(c)?
5, 41
Let t = -16 - -22. Let p(l) = -l**2 + 3 + 14 + 10*l - 23. What are the prime factors of p(t)?
2, 3
Let i = -5037 + 7152. What are the prime factors of i?
3, 5, 47
Let z = -3 - 9. Let l be (18/4)/((-9)/z). Suppose -y = -l*y + 40. List the prime factors of y.
2
Let r(x) = 16*x + 436. What are the prime factors of r(27)?
2, 7, 31
Let t(n) = -n**2 + 10*n - 17. Let o be t(5). What are the prime factors of -4*(2 - 134/o)?
59
Suppose 0 = 3*h - 6*h + 18. Let v be 284/h + 6/9. Suppose -b + v = b. List the prime factors of b.
2, 3
Suppose -2*p - 1 = -3*p. Let k(y) = 2*y + 2. Let n(a) = -a - 1. Let x(m) = p*k(m) + 4*n(m). List the prime factors of x(-8).
2, 7
Let l(x) = x**3 - 5*x - 9. Suppose -12 = -5*a + 18. What are the prime factors of l(a)?
3, 59
Suppose 0 = 4*l + 2*x, 4*l + 4*x + 3 = -5. Suppose -l*c + 8*c = 306. What are the prime factors of c?
3, 17
Let t(a) = -2*a + 9. What are the prime factors of t(-7)?
23
Suppose 6*k - 12 = 3*k. Suppose -3*g + 2*u = 2, -5*u = -3*u - 2. Suppose -b + 2*i + g*i = -44, -k*b - 4*i + 224 = 0. What are the prime factors of b?
2, 13
Let h(x) = -x**3 + 13*x**2 + 13*x - 7. What are the prime factors of h(-9)?
2, 829
Suppose -5*k - 3 = -4*y, -2*k + 4 = 3*y - 4*k. Suppose 4*w - 368 = -0*w + 4*m, -276 = -3*w - y*m. List the prime factors of w.
2, 23
Let n(w) = w**3 + 5*w**2 - 8*w - 6. Let t be n(-6). Suppose -4*o + 198 = 5*j, -t*o = 4*j - 2*o - 160. What are the prime factors of j?
2, 19
Suppose -1824 = -3*u - 4*k, -3*u = -2*k - 461 - 1345. List the prime factors of u.
2, 151
Suppose -9*g + 7*g = -22. Suppose 0 = b + b - 2. Suppose 0 = -3*u + g + b. List the prime factors of u.
2
Let o be ((14/(-4))/7)/(2/(-24)). List the prime factors of o/(-27) - (1 + 1028/(-9)).
113
Suppose 0 = -5*w + 2*x + 183, -2*x + 27 = w - 0*x. Let r = w + 58. What are the prime factors of r?
3, 31
Let q = -726 - -1080. What are the prime factors of q?
2, 3, 59
Suppose -k = -3, -2*a + k = 3*k - 54. Let u be (3 + 26/(-6))*3 - -4. Suppose u = 4*t, -z = z - 4*t - a. List the prime factors of z.
2, 3
Let u(i) = -i**2 + 10*i + 8. Let b(v) = 6*v**2 - 50*v - 40. Let w(t) = -2*b(t) - 11*u(t). Let k be w(-8). Suppose 0 = o + k - 38. List the prime factors of o.
2, 3, 5
Suppose 2*z + 5*a - 113 = 0, -3*z + 153 = 2*a - 0*a. Suppose -u = 3, u + 3*u - 18 = h. Let n = z + h. List the prime factors of n.
19
Suppose 3*r - 1986 = -r + 2*w, -3*r = 3*w - 1467. List the prime factors of r.
2, 13, 19
Let x(m) = -5*m + 8. Let y be x(1). List the prime factors of y/(9/32)*(-153)/(-6).
2, 17
Let q(i) = -i**2 + 11*i + 7. Let o(p) = -2*p**2 + 23*p + 15. Let y(z) = 4*o(z) - 9*q(z). List the prime factors of y(9).
3, 5
Let s be 72/42 - (-2)/7. Suppose 0 = -4*a + k + 279, -k = s*a - 5*k - 136. Suppose 2*o = -0*o + a. What are the prime factors of o?
5, 7
Suppose 5*c = 5*z + 4*c - 92, 4*c = -3*z + 46. Let t = 38 - z. Suppose -2*v + 3*j - 5 = -0, 0 = 2*v + 2*j - t. List the prime factors of v.
5
Let w(x) = x**3 + 27*x**2 - 30*x - 31. What are the prime factors of w(-12)?
19, 131
Let j be 120/55 + 6/(-33). Suppose 7*k = j*k + 30. Suppose -k*o + 64 = -2*o. List the prime factors of o.
